 of l**3/3 + 3*l**2/2 - 2*l - 16. Suppose -132*j + 144*j = 24. Calculate f(j).
8
Let w(n) = 3*n - 18 - 6 - 7 - 5 + 79. What is w(-19)?
-14
Let a(k) be the first derivative of k**3/3 - k**2/2 - 33*k + 451. Determine a(-13).
149
Let m(r) be the first derivative of -r**3/3 + 4*r**2 + 11*r - 3. Suppose 25 = 5*u - 3*c, 2*u - 2*c - 10 + 4 = 0. Calculate m(u).
11
Let z(f) = -7*f**2 + 14*f - 88. Let m(a) = 6*a**2 - 14*a + 77. Let h(q) = -6*m(q) - 5*z(q). Determine h(12).
2
Let v(q) be the first derivative of -q**3/6 - 23*q**2/2 - 133*q + 112. Let x(r) be the first derivative of v(r). What is x(0)?
-23
Let b(x) = -27*x + 119. Let s(u) = -63*u - 5917. Let n be s(-94). Determine b(n).
-16
Let p be (0 + 2)/(4 + -3). Suppose -p*k - 6 = -2. Let h(j) = -10*j. What is h(k)?
20
Suppose -5*c + 2*j - 21 = 5*j, -4*c + 4*j - 4 = 0. Let v be (c - (-15)/9)*3. Let n(g) = -91*g + 25. Let i(a) = 20*a - 6. Let r(x) = -9*i(x) - 2*n(x). Give r(v).
-4
Let k = -167 + 165. Let x(a) = a**2 - 9*a + 12. Let z(i) = -2*i**2 + 8*i - 12. Let g(c) = k*z(c) - 3*x(c). What is g(-12)?
0
Let n(w) = 5*w - 2. Let o = -221 + 229. Suppose 0 = -o*m + 3*m, -q = -3*m - 6. What is n(q)?
28
Let y(a) = -15*a - 91. Suppose -21 = 4*n - 3*w, 3*n - 20*w + 22 = -24*w. Calculate y(n).
-1
Let c(d) = -19*d + d**3 - 9*d - 107*d**2 + 97*d**2 + 6*d - 17. Determine c(12).
7
Let c(o) be the second derivative of o**4/12 - 5*o**3/3 + 11*o**2/2 - 1879*o. Determine c(8).
-5
Let z(j) = -j**2 + 1. Let q = -35 - -39. Suppose -q*d + 16 = 4*d. Suppose 0*a + 6 = -2*f - 4*a, 3*f - d = 5*a. Calculate z(f).
0
Let v(q) = -q**2 + 17*q + 253. Let p(z) = z**3 - 18*z**2 + 32*z - 10. Let b be p(16). Let s be v(b). Let i(f) = f**3 + 18*f**2 + 16*f - 25. Give i(s).
-8
Let x(b) = -3*b**3 + 25*b**2 - 10*b - 23. Let c(h) = h**3 - 4*h**2 + 4*h + 1. Let n(f) = -4*c(f) - x(f). Give n(-8).
3
Suppose 87*a + 460 = -5*a. Let k(l) be the second derivative of -l**4/12 - 2*l**3/3 + l**2/2 - l. Let z be k(a). Let h(w) = w - 2. Give h(z).
-6
Let j(i) be the first derivative of -6*i**3 + i**2 - 5*i - 9915. Calculate j(2).
-73
Let p = -141 - -148. Suppose 3*i - p*i + 24 = 2*l, -7 = -i - l. Let y(c) = 3 - 1 - 3*c + 0*c. Calculate y(i).
-13
Let r = 8 + -1. Suppose 3*s - 8 = r*s. Let t(l) be the second derivative of -11*l**3/6 - l**2/2 + 724*l. What is t(s)?
21
Let a be 3*((-10)/6 - -2). Let m be ((-21)/(-42))/(a/(-4)). Let h(t) = -t - 2 - t + 4*t - t**2 - 4*t. Calculate h(m).
-2
Let d(c) = 2*c**3 - 4*c**2 + 2*c - c + 0*c + 7*c**2 - 2. Suppose -127*t = 364 + 17. Calculate d(t).
-32
Let n(l) = -7*l**2 + 6*l - 7. Let f(g) = 20*g**2 - 17*g + 20. Let m(b) = 6*f(b) + 17*n(b). Let d be 18 + -13 + (2 - 6). Give m(d).
2
Let v(c) = 1 + 1 + 5 + 2 + 2*c - 7. Suppose -22*y + 14*y = 24. Determine v(y).
-4
Let a(i) = -i**2 - 4*i. Let y(m) = 3*m**3 - 1. Let o be y(1). Let b(v) = 101 - v**o + 2*v**2 - 107 - 24*v. Let s be b(24). What is a(s)?
-12
Let h(z) = 7*z**3 + z + 1. Let i(p) = -2*p - 17. Suppose -35*m = -40*m + 130. Let a = -34 + m. Let o be i(a). What is h(o)?
-7
Let u(z) be the first derivative of -z**6/120 + z**5/15 - z**4/8 + z**3/2 + z**2 + 12*z + 15. Let j(s) be the second derivative of u(s). What is j(3)?
3
Let m(a) = 4*a - 29. Suppose -8*n + 13 = -51. Let d be m(n). Let b(l) = l**d - 11 + 10 + 0*l - 2*l. What is b(-2)?
-5
Let z(n) = n**3 + 12*n**2 + 23*n - 8. Suppose 4*q - 367 = -4*x - 431, 0 = -4*x - 24. Determine z(q).
-38
Suppose 4*g - 2*q + 80 = 0, 0 = 3*g + 3*q - 5*q + 60. Let b be (12/30)/(1/g). Let d(p) = -29*p + 55*p - 33*p + 5 - p**2. Calculate d(b).
-3
Let n(w) = -2*w**2 - 25*w - 45. Let l = 294 - 296. Let h be n(l). Let z(v) = -4*v**2 - v - 1. Determine z(h).
-34
Let b(r) = 58 - 46 - 6*r + 43 + 47. Let f be b(16). Let j(w) = -5*w + 11. Determine j(f).
-19
Let b(y) = -2*y**3 - 14*y**2 - 3*y - 6. Let d be (-3)/(-2)*336/(-72). Calculate b(d).
15
Let j = 32 - 21. Let q(i) = -386503 - 386508 + 773001 + i. Calculate q(j).
1
Let i(z) = 2*z**3 + 23*z**2 + z - 25. Let x(g) = g**3 + 11*g**2 - 12. Let s = 401 + -395. Let r(w) = s*i(w) - 13*x(w). Give r(-6).
6
Suppose -q = -2*q + 7. Let l(u) = 13*u**2 - 52*u - 34. Let k(m) = -15*m**2 + 60*m + 37. Let n(y) = -6*k(y) - 7*l(y). Give n(q).
-5
Let f(c) = -c**3 - 3*c**2 + 4*c + 4. Let w be (1/(-2) - -1)*2*31. Suppose -27*z = -w*z + 12. Suppose -q - z*p = 3, 0*q - 3 = q + 4*p. Calculate f(q).
-8
Let v = 3083 - 3082. Let r(d) = 2*d**2 - 2*d - 1. Let a be r(2). Let u(c) = 0 + 2 - a - 3*c + 8*c. What is u(v)?
4
Let a(n) = -24562643*n**2 + 0 + 24562637*n**2 + 1 - n**3 - n. Let z(k) = 2*k + 12. Let t be (18/4)/((-3)/6). Let b be z(t). What is a(b)?
7
Let c(p) be the third derivative of p**5/30 - 7*p**4/24 + 5*p**3/6 - 33*p**2 - 2*p - 24. What is c(6)?
35
Suppose -3*h = -f - 6*h + 2, 3*f + 5*h = 6. Let q(p) = -4 + 5 - p**3 - 13792*p + 13792*p + 2*p**2. What is q(f)?
1
Let x(h) = -h - 6. Let c(y) = 4*y - 9. Let n be c(4). Let f be 128/7 - (-1 + 9/n). Suppose 9*i + f = -36. Determine x(i).
0
Let m(c) = 11*c - 171. Let i be m(14). Let n(r) = -r**2 - 19*r - 30. Calculate n(i).
4
Let l(i) be the first derivative of i**3/3 - 17*i**2/2 + 45*i + 10117. Determine l(4).
-7
Let f(l) = 2*l**2 - 31*l + 35. Let x be f(15). Suppose -x = -4*y - 5*o + o, 2*y - 2*o = 18. Let p(k) = -k**2 + 7*k + 8. Give p(y).
8
Let t(u) = 169*u**2 + 162*u**2 + u + u + 5*u**3 - 1 - 327*u**2. Give t(-2).
-29
Let d(x) = -x**2 + 35*x - 293. Let m(o) = -o**3 + 24*o**2 + o - 532. Let i be m(23). What is d(i)?
7
Let y(t) = -5658*t - 55 + 5655*t + 107. Calculate y(17).
1
Let s(f) be the second derivative of -f**7/840 - f**6/40 + f**5/120 + f**4/6 + 4*f**3/3 + 14*f. Let g(y) be the second derivative of s(y). Give g(-9).
-5
Let a(j) be the first derivative of -2/3*j**3 - 14*j - 8*j**2 - 160. Determine a(-7).
0
Let j(m) = m**3 - 9*m**2 - 35*m + 18. Let y(k) = k**3 - 9*k**2 - 34*k + 19. Let a(v) = -4*j(v) + 3*y(v). Determine a(12).
9
Let h(c) = c**3 - 9*c**2 + 14*c + 4. Suppose -48*a - 140 = 53*a - 121*a. Calculate h(a).
4
Suppose 27 = l + 5*n, -2*l + 3*n = 2*l - 39. Suppose -5*b - d = -56, 0 = b - 7*d + 8*d - l. Let a(x) = -x**3 + 11*x**2 + x - 8. Calculate a(b).
3
Let d(r) = -3*r**2 + 3*r - 33. Let k(n) = n**2 + 5*n. Let t(l) = d(l) + 2*k(l). Give t(13).
-33
Let w(j) = 6*j + 156. Let p(n) = 17*n + 435. Let r(i) = -4*p(i) + 11*w(i). Determine r(0).
-24
Let r(y) be the third derivative of y**7/5040 + y**6/720 + y**5/30 - 11*y**3/3 + 5*y**2 - 2. Let z(b) be the third derivative of r(b). Give z(-7).
-6
Let b(v) = 5*v + 145 + 6 - 21*v - 26. Let y be b(7). Let r(l) = -l + 15. Give r(y).
2
Let d = 2478 - 2472. Let p(a) = -6*a**2 + 0*a**2 + 7*a + 10*a**2 - 8 - 5*a**2. What is p(d)?
-2
Let a(k) = -9*k**2 - 24*k - 66. Let r(j) = -10*j**2 - 24*j - 75. Let y(z) = -9*a(z) + 8*r(z). Determine y(-23).
-29
Suppose -4*l = 2*g, 5*l - 3 = 18*g - 22*g. Let x(r) = 19 - 6*r - 18*r**g + 6*r + 19*r**2. What is x(0)?
19
Let z = -2735 + 2735. Let o(b) = b**3 - 2*b**2 - 6. Calculate o(z).
-6
Let r(i) = 13768 - 2*i - 13771 + 0*i**2 + 2*i**2. Let h(j) = j**3 - 3*j**2 - 4*j - 3. Let f be h(4). Give r(f).
21
Let g = 87 + -85. Let u(w) = -w**3 - 2*w**2 + 10*w - 8. Let y be u(-5). Let x(l) = -y*l + 1 + 7*l - l**2 + 5*l**g - 3*l**2. Calculate x(7).
-20
Let x(r) be the second derivative of -r**4/12 - 6*r**2 - 994*r. Give x(-4).
-28
Let s(d) = -9*d**3 + 3*d**2 + 8*d + 5. Let k(r) = -26*r**3 + 8*r**2 + 22*r + 14. Suppose -9*o = 9*o - 54. Let c(q) = o*k(q) - 8*s(q). Calculate c(-1).
6
Let p(w) = w**3 - 2*w**2 + 2. Let b = -85 - -85. Let l be p(b). Suppose 12 = 14*o - l. Let a(f) = 8*f. What is a(o)?
8
Let t = -26114 + 26116. Let u(b) = -12*b**2 + 3*b - 5. Calculate u(t).
-47
Let p(s) = -4*s**3 + 14*s**2 + 28*s + 22. Let g(f) = -3*f**3 + 14*f**2 + 20*f + 20. Let y(a) = 5*g(a) - 4*p(a). Determine y(-15).
-33
Let c(y) be the third derivative of -y**5/60 + y**4/2 - y**3 + 9*y**2. Let j = 176 + -165. Give c(j).
5
Let w(b) = -b**2 - 6*b. Let p = -17 + 22. Suppose p - 3 = x. Suppose h - 13 = x*t - 0*h, -18 = 3*t - h. Determine w(t).
5
Let w(f) be the second derivative of -3*f**5/20 + f**3/2 - f**2/2 - 477*f. Determine w(2).
-19
Let k = 1820 - 1823. Let n(f) = f**3 + f**2 - 3*f + 4. Calculate n(k).
-5
Let o(j) = -3*j + 6. Let b be ((-144)/((-32)/(-4)))/(-2). What is o(b)?
-21
Let w(p) = -2*p**3 + 1